3*m = 4*k - 17 - 3. Calculate the remainder when 22 is divided by k.
6
Let z = -262 + 453. Calculate the remainder when z is divided by 13.
9
Let c = 1378 - 1318. Calculate the remainder when 316 is divided by c.
16
Suppose 65*r = 58*r + 147. Calculate the remainder when 249 is divided by r.
18
Calculate the remainder when 939*6/108*6 + -7 is divided by 45.
36
Let j(u) = 12*u**2 - 22*u - 85. What is the remainder when 355 is divided by j(-3)?
88
Suppose -657*a + 330*a - 48 = -335*a. Let z(f) = 2*f**2 - 9*f - 1. Calculate the remainder when z(7) is divided by a.
4
Calculate the remainder when 63/441 + 446/14 is divided by 22.
10
Suppose 5*b + 4 = -3*m, 4 = -2*b - 0*b. Calculate the remainder when m/4*(11 + 15) is divided by 5.
3
Suppose 0 = 3*r - 2*r + 5, -2*h + 3*r + 75 = 0. Suppose c - 6*c + h = 0. Let j = c - 5. What is the remainder when j is divided by 1?
0
Suppose -32*w + 36792 = 41*w. What is the remainder when w is divided by 34?
28
Let d = -31 - -46. What is the remainder when (6/(-9))/((-2)/129) is divided by d?
13
Suppose -12*y + 558 = 90. Suppose -2*o = -3*j + 205 - y, -4*j = 4*o - 248. Calculate the remainder when j is divided by 10.
8
What is the remainder when 48/(-4) + 38 + (-2 - -1) is divided by 21?
4
Let k(v) = v**3 - 2*v**2 - v - 1. Let m be k(3). Suppose -5*x = -x - 5*g + 21, -5*g = -m. Calculate the remainder when 14 is divided by (-10 + 0)/(2 + x).
4
Let p = -160 - -190. What is the remainder when p is divided by 24?
6
Let p be -1 - 7/((-7)/34). Let o = -7 + p. What is the remainder when o is divided by 9?
8
Let l(x) = x**2 + 6*x - 1. What is the remainder when 110 is divided by l(-9)?
6
Let t(i) = -i**2 - i + 6. Let m be t(-3). What is the remainder when 6 is divided by m + (2 - 1 - -1)?
0
Suppose -4*h + f = -148, -6*h = -h - 5*f - 170. Let b(t) = -t + 5. Let p be b(4). Let w = 11 - p. Calculate the remainder when h is divided by w.
8
Suppose -288 = 4*d + 4*j, 2*j + 176 = -3*d + 7*j. Let h = d - -90. Calculate the remainder when 42 is divided by h.
19
Let p(i) be the first derivative of -i**4/4 - 5*i**3/3 - 9*i**2/2 - 17*i - 1. What is the remainder when 164/10*(-5)/(-1) is divided by p(-5)?
26
Let t(c) = 46*c - 121. What is the remainder when t(4) is divided by 14?
7
Let a = -98 + 140. Suppose 44 + a = 2*g. What is the remainder when g is divided by 9?
7
Calculate the remainder when ((-413)/(-7))/(-5 + 6) is divided by 7.
3
Suppose 2*f = -2, -5*n + f - 4 - 5 = 0. What is the remainder when 5 is divided by (-7)/(-2) + n/(-4)?
1
Suppose -g + 42 = -f, 6 + 4 = -5*f. Let o = 12 + -6. Let t = o - -8. Calculate the remainder when g is divided by t.
12
Suppose -7440 = -57*d - 999. Calculate the remainder when 239 is divided by d.
13
Let v = -248 + 258. Calculate the remainder when 89 is divided by v.
9
Let g(l) = 7*l - 234. Calculate the remainder when 388 is divided by g(39).
37
Let t be (-1)/(2/(-23 + 1)). Suppose l - 13 - t = 0. Let b(w) = 72*w**3 - 2*w**2 + 3*w - 2. Calculate the remainder when b(1) is divided by l.
23
Suppose 96 = v - w, -3*v + 129 = w - 179. What is the remainder when 1413 is divided by v?
100
Suppose -443 - 361 = -3*v. Suppose 0*b - 125 = b. Let o = b + v. Calculate the remainder when o is divided by 36.
35
Let h(y) = 33*y - 227. What is the remainder when 126 is divided by h(7)?
2
Let m(c) = 9*c**2 + 17*c + 2. Let k be m(-3). Suppose 10*a = 8*a + k. What is the remainder when 28 is divided by a?
12
Let j(x) = -x**2 - 31*x + 101. What is the remainder when 83 is divided by j(-33)?
13
Let r = 164 + -98. Calculate the remainder when r is divided by 14.
10
Suppose 0*v = -3*x - 2*v + 52, -3*x + 49 = 5*v. Let f(m) = -m**2 + 19*m + 6. Calculate the remainder when 46 is divided by f(x).
22
Suppose 7*m - 4*m = 0. Calculate the remainder when 37 is divided by (-9)/((-36)/40) - m.
7
Let o = 45 - 40. Suppose 3*g - 225 = 3*y, -o*y + 441 = 4*g + 105. Calculate the remainder when g is divided by 21.
16
Let r be -52 - (3 - 0) - 2. What is the remainder when (-10)/(-35) - r/21 is divided by 3?
0
Let t(a) be the first derivative of 83*a**4/4 + a**2 - a + 3. What is the remainder when t(1) is divided by -87*(-5)/45*3?
26
Let x(o) = -o**3 - 6*o**2 - 28*o - 143. What is the remainder when 509 is divided by x(-7)?
101
Calculate the remainder when 2/6 + (-6)/(198/(-517)) is divided by 11.
5
Suppose 78 = 11*h - 87. What is the remainder when 1034 is divided by h?
14
What is the remainder when 733/4 - (-20)/(-16) is divided by 31?
27
Let f(k) = 30*k**2 - 5*k - 5. What is the remainder when 145 is divided by f(-1)?
25
Suppose 274 + 58 = 2*s. Suppose -3*f = s - 493. Calculate the remainder when f is divided by 28.
25
Suppose -4*a + 2 = 5*v + 7, 0 = -5*a + 4*v + 4. Let k be ((-5)/5 - a)*27. Calculate the remainder when 50 is divided by (k + 1)*2/(-4).
11
Suppose -2*n + 132 = 2*n. Let h = -9 + n. What is the remainder when 45 is divided by h?
21
Suppose -4*x - 790 = -9*x. What is the remainder when x is divided by 28?
18
What is the remainder when (-4280)/(-4) - ((-4 - -2) + -4) is divided by 77?
75
Suppose -3*z + 150 = -0*z. Let y be (-86)/(-2) + (2 - 1). Suppose 0 = -4*s + 2*w + y, -2*s - 3*w = s - 51. What is the remainder when z is divided by s?
11
Suppose -19*f + 1003 = -669. What is the remainder when 358 is divided by f?
6
Let v(x) = 38*x + 36. What is the remainder when 466 is divided by v(0)?
34
Suppose -21 = 3*u - 0*u. Let q = 80 - u. What is the remainder when q is divided by 18?
15
Let i = -1 - -6. Suppose i*p - 20 = p. What is the remainder when 17 is divided by p?
2
Let f = 295 + -176. What is the remainder when f is divided by 21?
14
Suppose -2*c - 12 = -32. Suppose -l - 13 = 5*g, -9 = -3*l - 3. What is the remainder when 76*((-20)/8 - g) is divided by c?
8
Let w = 742 + -430. What is the remainder when w is divided by 79?
75
Let s = -138 - -59. Let u = s - -104. Let l = 49 + -1. What is the remainder when l is divided by u?
23
Let f(a) be the third derivative of a**5/20 - a**4/24 + a**3/2 - 28*a**2. Calculate the remainder when 76 is divided by f(2).
11
Suppose -k - 66 = 33. Let f = 112 + k. Calculate the remainder when 35 is divided by f.
9
Suppose 0 = -12*v + 35 + 145. Suppose -9*f + v = -8*f. Calculate the remainder when 27 is divided by f.
12
Let a = -78 - -93. Let l be ((-4)/6)/((-3)/18). Suppose 0 = -l*u + 22 - 6, 2*i = 3*u + 6. What is the remainder when a is divided by i?
6
Let b(f) be the second derivative of -f**4/12 - 5*f**3/3 - 3*f**2 - 3*f. Calculate the remainder when 74 is divided by b(-5).
17
Let y = 55 + -53. Suppose -i + 36 = 3*o, -5*o + y*i = 4 - 53. What is the remainder when 42 is divided by o?
9
Let j = -37 + 371. What is the remainder when j is divided by 24?
22
Let j be (178/15 - -8) + (-2)/(-15). Let h = 54 - j. What is the remainder when 135 is divided by h?
33
Calculate the remainder when (-1 + -278)/(2 - 49/14) is divided by 42.
18
Let i be (13/(-52))/(2/(-24)). Suppose l + 8 = -i*l. Calculate the remainder when 10 is divided by (-6)/l*14/7.
4
Let t(g) = -g**3 + 10*g - 6. Let o be t(4). What is the remainder when (1 - 0) + 4/1 is divided by o/(-9) - (-4)/6?
1
Suppose 5*i + y = 570, -5*y - 221 = -5*i + 319. Calculate the remainder when 206 is divided by i.
93
Suppose 2*x = -5*t + 39, -5*x - 26*t + 15*t + 108 = 0. Calculate the remainder when x is divided by 0/1 - (0 + -20).
17
Suppose -414 + 114 = -6*s. What is the remainder when s is divided by 14?
8
Calculate the remainder when (-8)/24*(-368 + (-2 - -1)) is divided by 37.
12
Let b(o) = o**2 - 6*o + 8. Let p be b(6). Calculate the remainder when (-2)/(-8) - (-174)/p is divided by (16 + 12*(-6)/12)*(-3)/(-5).
4
Let t(c) = 14*c**2 - 4*c**2 + 1 - 32*c - 4 + 33*c. Calculate the remainder when 154 is divided by t(2).
37
Let f(x) = x**3 - 5*x**2 - 10*x - 7. What is the remainder when 93 is divided by f(7)?
9
Suppose -21 = -4*i - 5*k, 5*k + 1 = i + 2. Let s = -1 + i. Calculate the remainder when 4 is divided by s.
1
Let t(d) = -d**3 - 9*d**2 - 12*d - 6. What is the remainder when 101 is divided by t(-8)?
23
Let u = 29 - 29. Let z(g) = -g**2 + 20. Let f(v) = 5*v**3 + v**2 - 4*v + 3. Calculate the remainder when f(2) is divided by z(u).
19
Suppose 3 + 6 = -3*o. Let h be -2 - (-133)/(-1) - o. Calculate the remainder when (h/(-6))/((-1)/(-1)) i